{"id":43,"date":"2021-04-28T11:59:24","date_gmt":"2021-04-28T11:59:24","guid":{"rendered":"https:\/\/www.keim-sbk.de\/?page_id=43"},"modified":"2021-04-28T12:11:19","modified_gmt":"2021-04-28T12:11:19","slug":"dienstleitungen","status":"publish","type":"page","link":"https:\/\/www.keim-sbk.de\/index.php\/dienstleitungen\/","title":{"rendered":"Dienstleitungen"},"content":{"rendered":"\t\t<div data-elementor-type=\"wp-page\" data-elementor-id=\"43\" class=\"elementor elementor-43\">\n\t\t\t\t\t\t<section class=\"elementor-section elementor-top-section elementor-element elementor-element-2100652 elementor-section-boxed elementor-section-height-default elementor-section-height-default\" data-id=\"2100652\" data-element_type=\"section\" data-e-type=\"section\">\n\t\t\t\t\t\t<div class=\"elementor-container elementor-column-gap-default\">\n\t\t\t\t\t<div class=\"elementor-column elementor-col-100 elementor-top-column elementor-element elementor-element-8ac56c5\" data-id=\"8ac56c5\" data-element_type=\"column\" data-e-type=\"column\">\n\t\t\t<div class=\"elementor-widget-wrap elementor-element-populated\">\n\t\t\t\t\t\t<div class=\"elementor-element elementor-element-703ec6e elementor-arrows-position-inside elementor-pagination-position-outside elementor-widget elementor-widget-image-carousel\" data-id=\"703ec6e\" data-element_type=\"widget\" data-e-type=\"widget\" data-settings=\"{&quot;navigation&quot;:&quot;both&quot;,&quot;autoplay&quot;:&quot;yes&quot;,&quot;pause_on_hover&quot;:&quot;yes&quot;,&quot;pause_on_interaction&quot;:&quot;yes&quot;,&quot;autoplay_speed&quot;:5000,&quot;infinite&quot;:&quot;yes&quot;,&quot;speed&quot;:500}\" data-widget_type=\"image-carousel.default\">\n\t\t\t\t<div class=\"elementor-widget-container\">\n\t\t\t\t\t\t\t<div class=\"elementor-image-carousel-wrapper swiper\" role=\"region\" aria-roledescription=\"carousel\" aria-label=\"Bild Karussell\" dir=\"ltr\">\n\t\t\t<div class=\"elementor-image-carousel swiper-wrapper\" aria-live=\"off\">\n\t\t\t\t\t\t\t\t<div class=\"swiper-slide\" role=\"group\" aria-roledescription=\"slide\" aria-label=\"1 von 4\"><figure class=\"swiper-slide-inner\"><img decoding=\"async\" class=\"swiper-slide-image\" src=\"https:\/\/www.keim-sbk.de\/wp-content\/uploads\/2021\/04\/Ref4_0.jpg\" alt=\"Ref4_0\" \/><\/figure><\/div><div class=\"swiper-slide\" role=\"group\" aria-roledescription=\"slide\" aria-label=\"2 von 4\"><figure class=\"swiper-slide-inner\"><img decoding=\"async\" class=\"swiper-slide-image\" src=\"https:\/\/www.keim-sbk.de\/wp-content\/uploads\/2021\/04\/Ref3_0.jpg\" alt=\"Ref3_0\" \/><\/figure><\/div><div class=\"swiper-slide\" role=\"group\" aria-roledescription=\"slide\" aria-label=\"3 von 4\"><figure class=\"swiper-slide-inner\"><img decoding=\"async\" class=\"swiper-slide-image\" src=\"https:\/\/www.keim-sbk.de\/wp-content\/uploads\/2021\/04\/Ref2_0.jpg\" alt=\"Ref2_0\" \/><\/figure><\/div><div class=\"swiper-slide\" role=\"group\" aria-roledescription=\"slide\" aria-label=\"4 von 4\"><figure class=\"swiper-slide-inner\"><img decoding=\"async\" class=\"swiper-slide-image\" src=\"https:\/\/www.keim-sbk.de\/wp-content\/uploads\/2021\/04\/Ref1_0.jpg\" alt=\"Ref1_0\" \/><\/figure><\/div>\t\t\t<\/div>\n\t\t\t\t\t\t\t\t\t\t\t\t<div class=\"elementor-swiper-button elementor-swiper-button-prev\" role=\"button\" tabindex=\"0\">\n\t\t\t\t\t\t<i aria-hidden=\"true\" class=\"eicon-chevron-left\"><\/i>\t\t\t\t\t<\/div>\n\t\t\t\t\t<div class=\"elementor-swiper-button elementor-swiper-button-next\" role=\"button\" tabindex=\"0\">\n\t\t\t\t\t\t<i aria-hidden=\"true\" class=\"eicon-chevron-right\"><\/i>\t\t\t\t\t<\/div>\n\t\t\t\t\n\t\t\t\t\t\t\t\t\t<div class=\"swiper-pagination\"><\/div>\n\t\t\t\t\t\t\t\t\t<\/div>\n\t\t\t\t\t\t<\/div>\n\t\t\t\t<\/div>\n\t\t\t\t\t<\/div>\n\t\t<\/div>\n\t\t\t\t\t<\/div>\n\t\t<\/section>\n\t\t\t\t<section class=\"elementor-section elementor-top-section elementor-element elementor-element-f0edcb9 elementor-section-boxed elementor-section-height-default elementor-section-height-default\" data-id=\"f0edcb9\" data-element_type=\"section\" data-e-type=\"section\">\n\t\t\t\t\t\t<div class=\"elementor-container elementor-column-gap-default\">\n\t\t\t\t\t<div class=\"elementor-column elementor-col-100 elementor-top-column elementor-element elementor-element-9d9d425\" data-id=\"9d9d425\" data-element_type=\"column\" data-e-type=\"column\">\n\t\t\t<div class=\"elementor-widget-wrap elementor-element-populated\">\n\t\t\t\t\t\t<div class=\"elementor-element elementor-element-f9ac9f2 elementor-widget elementor-widget-text-editor\" data-id=\"f9ac9f2\" data-element_type=\"widget\" data-e-type=\"widget\" data-widget_type=\"text-editor.default\">\n\t\t\t\t<div class=\"elementor-widget-container\">\n\t\t\t\t\t\t\t\t\t<table><tbody><tr><td>Ratten- und M\u00e4usebek\u00e4mpfung<\/td><td>Bek\u00e4mpfung von Ratten- u. M\u00e4usen gem\u00e4\u00df Infektionsschutzgesetz IfSG <br \/>Bek\u00e4mpfung von Wanderratten im Kanal<br \/>\u00a0 \u00a0<\/td><\/tr><tr><td>Sch\u00e4dlingsbek\u00e4mpfung\u00a0\u00a0<\/td><td>von Vorratssch\u00e4dlingen (Schaben, Motten, K\u00e4fer), Ameisen, Fl\u00f6he etc.<br \/>\u00a0 \u00a0<\/td><\/tr><tr><td>Wespen<\/td><td>Bek\u00e4mpfung bzw. Umsiedelung von Wespennestern <br \/>\u00a0 \u00a0<\/td><\/tr><tr><td>Sch\u00e4dlingskontrolle\/ HACCP<\/td><td>Einrichten eines Sch\u00e4dlingskontrollsystems in potentiell gef\u00e4hrdeten Betrieben, z. B. B\u00e4ckereien, Hotels, Gastst\u00e4tten, Lagern gem\u00e4\u00df EG Verordnung 852\/2006 inkl. Erstellen von K\u00f6derstellenplan, Gef\u00e4hrdungsanalysen, Inspektionsberichte im Rahmen eines Servicevertrages <br \/>\u00a0 \u00a0<\/td><\/tr><tr><td>Tauben-\/ Vogelabwehr<\/td><td>Montage von Abwehrspikes an Solar- und PV Anlagen, Vorspr\u00fcngen, Balken, Fensterb\u00e4nken und Dachrinnen, Montage von Spanndr\u00e4hten u. Netzen<br \/>\u00a0 \u00a0<\/td><\/tr><tr><td>Marderabwehr\/ -vergr\u00e4mung<\/td><td>Einsatz von giftfreien Repellentien <br \/>Verschlie\u00dfen von Schlupfl\u00f6chern <br \/>\u00a0 \u00a0<\/td><\/tr><tr><td>Pflanzenschutz<\/td><td>Prophylaxe und Bek\u00e4mpfung des Eichenprozessionsspinners\u00a0 Pflanzenschutzma\u00dfnahmen gegen den Buxbaumz\u00fcnsler<\/td><\/tr><\/tbody><\/table>\t\t\t\t\t\t\t\t<\/div>\n\t\t\t\t<\/div>\n\t\t\t\t\t<\/div>\n\t\t<\/div>\n\t\t\t\t\t<\/div>\n\t\t<\/section>\n\t\t\t\t<\/div>\n\t\t","protected":false},"excerpt":{"rendered":"<p>Zur\u00fcck Weiter Ratten- und M\u00e4usebek\u00e4mpfung Bek\u00e4mpfung von Ratten- u. M\u00e4usen gem\u00e4\u00df Infektionsschutzgesetz IfSG Bek\u00e4mpfung von Wanderratten im Kanal\u00a0 \u00a0 Sch\u00e4dlingsbek\u00e4mpfung\u00a0\u00a0 von Vorratssch\u00e4dlingen (Schaben, Motten, K\u00e4fer), Ameisen, Fl\u00f6he etc.\u00a0 \u00a0 Wespen Bek\u00e4mpfung bzw. Umsiedelung von Wespennestern \u00a0 \u00a0 Sch\u00e4dlingskontrolle\/ HACCP Einrichten eines Sch\u00e4dlingskontrollsystems in potentiell gef\u00e4hrdeten Betrieben, z. B. B\u00e4ckereien, Hotels, Gastst\u00e4tten, Lagern gem\u00e4\u00df EG Verordnung&hellip;&nbsp;<a href=\"https:\/\/www.keim-sbk.de\/index.php\/dienstleitungen\/\" rel=\"bookmark\">Weiterlesen &raquo;<span class=\"screen-reader-text\">Dienstleitungen<\/span><\/a><\/p>\n","protected":false},"author":1,"featured_media":0,"parent":0,"menu_order":0,"comment_status":"closed","ping_status":"closed","template":"page-templates\/template-pagebuilder-full-width.php","meta":{"neve_meta_sidebar":"","neve_meta_container":"","neve_meta_enable_content_width":"","neve_meta_content_width":0,"neve_meta_title_alignment":"","neve_meta_author_avatar":"","neve_post_elements_order":"","neve_meta_disable_header":"","neve_meta_disable_footer":"","neve_meta_disable_title":"","footnotes":""},"class_list":["post-43","page","type-page","status-publish","hentry"],"yoast_head":"<!-- This site is optimized with the Yoast SEO plugin v25.6 - https:\/\/yoast.com\/wordpress\/plugins\/seo\/ -->\n<title>Dienstleitungen -<\/title>\n<meta name=\"robots\" content=\"index, follow, max-snippet:-1, max-image-preview:large, max-video-preview:-1\" \/>\n<link rel=\"canonical\" href=\"https:\/\/www.keim-sbk.de\/index.php\/dienstleitungen\/\" \/>\n<meta property=\"og:locale\" content=\"de_DE\" \/>\n<meta property=\"og:type\" content=\"article\" \/>\n<meta property=\"og:title\" content=\"Dienstleitungen -\" \/>\n<meta property=\"og:description\" content=\"Zur\u00fcck Weiter Ratten- und M\u00e4usebek\u00e4mpfung Bek\u00e4mpfung von Ratten- u. M\u00e4usen gem\u00e4\u00df Infektionsschutzgesetz IfSG Bek\u00e4mpfung von Wanderratten im Kanal\u00a0 \u00a0 Sch\u00e4dlingsbek\u00e4mpfung\u00a0\u00a0 von Vorratssch\u00e4dlingen (Schaben, Motten, K\u00e4fer), Ameisen, Fl\u00f6he etc.\u00a0 \u00a0 Wespen Bek\u00e4mpfung bzw. Umsiedelung von Wespennestern \u00a0 \u00a0 Sch\u00e4dlingskontrolle\/ HACCP Einrichten eines Sch\u00e4dlingskontrollsystems in potentiell gef\u00e4hrdeten Betrieben, z. B. B\u00e4ckereien, Hotels, Gastst\u00e4tten, Lagern gem\u00e4\u00df EG Verordnung&hellip;&nbsp;Weiterlesen &raquo;Dienstleitungen\" \/>\n<meta property=\"og:url\" content=\"https:\/\/www.keim-sbk.de\/index.php\/dienstleitungen\/\" \/>\n<meta property=\"article:modified_time\" content=\"2021-04-28T12:11:19+00:00\" \/>\n<meta property=\"og:image\" content=\"https:\/\/www.keim-sbk.de\/wp-content\/uploads\/2021\/04\/Ref4_0.jpg\" \/>\n<meta name=\"twitter:card\" content=\"summary_large_image\" \/>\n<meta name=\"twitter:label1\" content=\"Gesch\u00e4tzte Lesezeit\" \/>\n\t<meta name=\"twitter:data1\" content=\"3\u00a0Minuten\" \/>\n<script type=\"application\/ld+json\" class=\"yoast-schema-graph\">{\"@context\":\"https:\/\/schema.org\",\"@graph\":[{\"@type\":\"WebPage\",\"@id\":\"https:\/\/www.keim-sbk.de\/index.php\/dienstleitungen\/\",\"url\":\"https:\/\/www.keim-sbk.de\/index.php\/dienstleitungen\/\",\"name\":\"Dienstleitungen -\",\"isPartOf\":{\"@id\":\"https:\/\/www.keim-sbk.de\/#website\"},\"primaryImageOfPage\":{\"@id\":\"https:\/\/www.keim-sbk.de\/index.php\/dienstleitungen\/#primaryimage\"},\"image\":{\"@id\":\"https:\/\/www.keim-sbk.de\/index.php\/dienstleitungen\/#primaryimage\"},\"thumbnailUrl\":\"https:\/\/www.keim-sbk.de\/wp-content\/uploads\/2021\/04\/Ref4_0.jpg\",\"datePublished\":\"2021-04-28T11:59:24+00:00\",\"dateModified\":\"2021-04-28T12:11:19+00:00\",\"breadcrumb\":{\"@id\":\"https:\/\/www.keim-sbk.de\/index.php\/dienstleitungen\/#breadcrumb\"},\"inLanguage\":\"de\",\"potentialAction\":[{\"@type\":\"ReadAction\",\"target\":[\"https:\/\/www.keim-sbk.de\/index.php\/dienstleitungen\/\"]}]},{\"@type\":\"ImageObject\",\"inLanguage\":\"de\",\"@id\":\"https:\/\/www.keim-sbk.de\/index.php\/dienstleitungen\/#primaryimage\",\"url\":\"https:\/\/www.keim-sbk.de\/wp-content\/uploads\/2021\/04\/Ref4_0.jpg\",\"contentUrl\":\"https:\/\/www.keim-sbk.de\/wp-content\/uploads\/2021\/04\/Ref4_0.jpg\",\"width\":580,\"height\":273},{\"@type\":\"BreadcrumbList\",\"@id\":\"https:\/\/www.keim-sbk.de\/index.php\/dienstleitungen\/#breadcrumb\",\"itemListElement\":[{\"@type\":\"ListItem\",\"position\":1,\"name\":\"Home\",\"item\":\"https:\/\/www.keim-sbk.de\/\"},{\"@type\":\"ListItem\",\"position\":2,\"name\":\"Dienstleitungen\"}]},{\"@type\":\"WebSite\",\"@id\":\"https:\/\/www.keim-sbk.de\/#website\",\"url\":\"https:\/\/www.keim-sbk.de\/\",\"name\":\"\",\"description\":\"Just another WordPress site\",\"potentialAction\":[{\"@type\":\"SearchAction\",\"target\":{\"@type\":\"EntryPoint\",\"urlTemplate\":\"https:\/\/www.keim-sbk.de\/?s={search_term_string}\"},\"query-input\":{\"@type\":\"PropertyValueSpecification\",\"valueRequired\":true,\"valueName\":\"search_term_string\"}}],\"inLanguage\":\"de\"}]}<\/script>\n<!-- \/ Yoast SEO plugin. -->","yoast_head_json":{"title":"Dienstleitungen -","robots":{"index":"index","follow":"follow","max-snippet":"max-snippet:-1","max-image-preview":"max-image-preview:large","max-video-preview":"max-video-preview:-1"},"canonical":"https:\/\/www.keim-sbk.de\/index.php\/dienstleitungen\/","og_locale":"de_DE","og_type":"article","og_title":"Dienstleitungen -","og_description":"Zur\u00fcck Weiter Ratten- und M\u00e4usebek\u00e4mpfung Bek\u00e4mpfung von Ratten- u. M\u00e4usen gem\u00e4\u00df Infektionsschutzgesetz IfSG Bek\u00e4mpfung von Wanderratten im Kanal\u00a0 \u00a0 Sch\u00e4dlingsbek\u00e4mpfung\u00a0\u00a0 von Vorratssch\u00e4dlingen (Schaben, Motten, K\u00e4fer), Ameisen, Fl\u00f6he etc.\u00a0 \u00a0 Wespen Bek\u00e4mpfung bzw. Umsiedelung von Wespennestern \u00a0 \u00a0 Sch\u00e4dlingskontrolle\/ HACCP Einrichten eines Sch\u00e4dlingskontrollsystems in potentiell gef\u00e4hrdeten Betrieben, z. B. B\u00e4ckereien, Hotels, Gastst\u00e4tten, Lagern gem\u00e4\u00df EG Verordnung&hellip;&nbsp;Weiterlesen &raquo;Dienstleitungen","og_url":"https:\/\/www.keim-sbk.de\/index.php\/dienstleitungen\/","article_modified_time":"2021-04-28T12:11:19+00:00","og_image":[{"url":"https:\/\/www.keim-sbk.de\/wp-content\/uploads\/2021\/04\/Ref4_0.jpg","type":"","width":"","height":""}],"twitter_card":"summary_large_image","twitter_misc":{"Gesch\u00e4tzte Lesezeit":"3\u00a0Minuten"},"schema":{"@context":"https:\/\/schema.org","@graph":[{"@type":"WebPage","@id":"https:\/\/www.keim-sbk.de\/index.php\/dienstleitungen\/","url":"https:\/\/www.keim-sbk.de\/index.php\/dienstleitungen\/","name":"Dienstleitungen -","isPartOf":{"@id":"https:\/\/www.keim-sbk.de\/#website"},"primaryImageOfPage":{"@id":"https:\/\/www.keim-sbk.de\/index.php\/dienstleitungen\/#primaryimage"},"image":{"@id":"https:\/\/www.keim-sbk.de\/index.php\/dienstleitungen\/#primaryimage"},"thumbnailUrl":"https:\/\/www.keim-sbk.de\/wp-content\/uploads\/2021\/04\/Ref4_0.jpg","datePublished":"2021-04-28T11:59:24+00:00","dateModified":"2021-04-28T12:11:19+00:00","breadcrumb":{"@id":"https:\/\/www.keim-sbk.de\/index.php\/dienstleitungen\/#breadcrumb"},"inLanguage":"de","potentialAction":[{"@type":"ReadAction","target":["https:\/\/www.keim-sbk.de\/index.php\/dienstleitungen\/"]}]},{"@type":"ImageObject","inLanguage":"de","@id":"https:\/\/www.keim-sbk.de\/index.php\/dienstleitungen\/#primaryimage","url":"https:\/\/www.keim-sbk.de\/wp-content\/uploads\/2021\/04\/Ref4_0.jpg","contentUrl":"https:\/\/www.keim-sbk.de\/wp-content\/uploads\/2021\/04\/Ref4_0.jpg","width":580,"height":273},{"@type":"BreadcrumbList","@id":"https:\/\/www.keim-sbk.de\/index.php\/dienstleitungen\/#breadcrumb","itemListElement":[{"@type":"ListItem","position":1,"name":"Home","item":"https:\/\/www.keim-sbk.de\/"},{"@type":"ListItem","position":2,"name":"Dienstleitungen"}]},{"@type":"WebSite","@id":"https:\/\/www.keim-sbk.de\/#website","url":"https:\/\/www.keim-sbk.de\/","name":"","description":"Just another WordPress site","potentialAction":[{"@type":"SearchAction","target":{"@type":"EntryPoint","urlTemplate":"https:\/\/www.keim-sbk.de\/?s={search_term_string}"},"query-input":{"@type":"PropertyValueSpecification","valueRequired":true,"valueName":"search_term_string"}}],"inLanguage":"de"}]}},"_links":{"self":[{"href":"https:\/\/www.keim-sbk.de\/index.php\/wp-json\/wp\/v2\/pages\/43"}],"collection":[{"href":"https:\/\/www.keim-sbk.de\/index.php\/wp-json\/wp\/v2\/pages"}],"about":[{"href":"https:\/\/www.keim-sbk.de\/index.php\/wp-json\/wp\/v2\/types\/page"}],"author":[{"embeddable":true,"href":"https:\/\/www.keim-sbk.de\/index.php\/wp-json\/wp\/v2\/users\/1"}],"replies":[{"embeddable":true,"href":"https:\/\/www.keim-sbk.de\/index.php\/wp-json\/wp\/v2\/comments?post=43"}],"version-history":[{"count":7,"href":"https:\/\/www.keim-sbk.de\/index.php\/wp-json\/wp\/v2\/pages\/43\/revisions"}],"predecessor-version":[{"id":65,"href":"https:\/\/www.keim-sbk.de\/index.php\/wp-json\/wp\/v2\/pages\/43\/revisions\/65"}],"wp:attachment":[{"href":"https:\/\/www.keim-sbk.de\/index.php\/wp-json\/wp\/v2\/media?parent=43"}],"curies":[{"name":"wp","href":"https:\/\/api.w.org\/{rel}","templated":true}]}}