{"id":74,"date":"2021-04-28T12:40:12","date_gmt":"2021-04-28T12:40:12","guid":{"rendered":"https:\/\/www.keim-sbk.de\/?page_id=74"},"modified":"2021-04-28T12:40:44","modified_gmt":"2021-04-28T12:40:44","slug":"unternehmen","status":"publish","type":"page","link":"https:\/\/www.keim-sbk.de\/index.php\/unternehmen\/","title":{"rendered":"Unternehmen"},"content":{"rendered":"\t\t<div data-elementor-type=\"wp-page\" data-elementor-id=\"74\" class=\"elementor elementor-74\">\n\t\t\t\t\t\t<section class=\"elementor-section elementor-top-section elementor-element elementor-element-5327387 elementor-section-boxed elementor-section-height-default elementor-section-height-default\" data-id=\"5327387\" data-element_type=\"section\" data-e-type=\"section\">\n\t\t\t\t\t\t<div class=\"elementor-container elementor-column-gap-default\">\n\t\t\t\t\t<div class=\"elementor-column elementor-col-100 elementor-top-column elementor-element elementor-element-93f15a8\" data-id=\"93f15a8\" data-element_type=\"column\" data-e-type=\"column\">\n\t\t\t<div class=\"elementor-widget-wrap elementor-element-populated\">\n\t\t\t\t\t\t<div class=\"elementor-element elementor-element-fad16c7 elementor-widget elementor-widget-text-editor\" data-id=\"fad16c7\" data-element_type=\"widget\" data-e-type=\"widget\" data-widget_type=\"text-editor.default\">\n\t\t\t\t<div class=\"elementor-widget-container\">\n\t\t\t\t\t\t\t\t\t<table><tbody><tr><td>Cornelia Keim\u00a0 \u00a0 \u00a0 \u00a0 \u00a0 \u00a0\u00a0<\/td><td>Gesch\u00e4ftsf\u00fchrung<\/td><td>&#8211; Erstberatung<br \/>&#8211; Terminvereinbarung<br \/>&#8211; Auftragsbearbeitung<br \/>&#8211; Buchhaltung<br \/>\u00a0 \u00a0<\/td><\/tr><tr><td>Sven Damerow<\/td><td>IHK gepr\u00fcfter Sch\u00e4dlingsbek\u00e4mpfer<br \/>seit 1998<\/td><td>&#8211; Sachkunde Gesundheits- u. Vorratsschutz <br \/>&#8211; Sachkunde Pflanzenschutz <br \/>&#8211; Sachkunde zur T\u00f6tung von Wirbeltieren gem\u00e4\u00df \u00a74 TschGs <br \/>\u00a0 \u00a0<\/td><\/tr><tr><td>Sascha Damerow\u00a0 \u00a0 \u00a0 \u00a0 \u00a0 \u00a0 \u00a0 \u00a0\u00a0<\/td><td>IHK gepr\u00fcfter Sch\u00e4dlingsbek\u00e4mpfer <br \/>seit 2003<\/td><td>&#8211; Sachkunde Gesundheits- u. Vorratsschutz<br \/>&#8211; Sachkunde Pflanzenschutz<br \/>&#8211; Sachkunde zur T\u00f6tung von Wirbeltieren gem\u00e4\u00df \u00a74 TschGs<br \/>\u00a0 \u00a0<\/td><\/tr><\/tbody><\/table><p>Regelm\u00e4\u00dfige Fort- und Weiterbildungen werden durchgef\u00fchrt.<br \/>Wir sind Mitglied im Deutschen Sch\u00e4dlingsbek\u00e4mpfer-Verband (DSV) und Berufsgenossenschaft f\u00fcr Gesundheits- und Wohlfahrtspflege.<\/p><p>Wir handeln nach den gesetzlichen Vorgaben, u. a. Biozidverordnung Nr. 528\/2012, Lebensmittel-hygieneverordnung 852\/2004, Gefahrstoffverordnung, Tierschutzgesetz, Infektionsschutzgesetz, Technische Regeln u. Normen der Sch\u00e4dlingsbek\u00e4mpfung (TRNS)<\/p><p>Beh\u00f6rdliche Erlaubnis nach \u00a711 Abs.1 Nr: 3 des TschGS zum gewerbsm\u00e4\u00dfigen T\u00f6ten von Wirbeltieren liegt vor. Unsere T\u00e4tigkeit in Hinblick auf Pflanzenschutz und Gefahrstofft\u00e4tigkeit haben wir beim Regierungspr\u00e4sidium in Gie\u00dfen bzw. Darmstadt angezeigt.<\/p><p>Eine Betriebshaftplicht ist vorhanden.<\/p><p>HRB 25713 Amtsgericht Darmstadt<br \/>Steuer Nr: 005 235 24955<\/p>\t\t\t\t\t\t\t\t<\/div>\n\t\t\t\t<\/div>\n\t\t\t\t\t<\/div>\n\t\t<\/div>\n\t\t\t\t\t<\/div>\n\t\t<\/section>\n\t\t\t\t<\/div>\n\t\t","protected":false},"excerpt":{"rendered":"<p>Cornelia Keim\u00a0 \u00a0 \u00a0 \u00a0 \u00a0 \u00a0\u00a0 Gesch\u00e4ftsf\u00fchrung &#8211; Erstberatung&#8211; Terminvereinbarung&#8211; Auftragsbearbeitung&#8211; Buchhaltung\u00a0 \u00a0 Sven Damerow IHK gepr\u00fcfter Sch\u00e4dlingsbek\u00e4mpferseit 1998 &#8211; Sachkunde Gesundheits- u. Vorratsschutz &#8211; Sachkunde Pflanzenschutz &#8211; Sachkunde zur T\u00f6tung von Wirbeltieren gem\u00e4\u00df \u00a74 TschGs \u00a0 \u00a0 Sascha Damerow\u00a0 \u00a0 \u00a0 \u00a0 \u00a0 \u00a0 \u00a0 \u00a0\u00a0 IHK gepr\u00fcfter Sch\u00e4dlingsbek\u00e4mpfer seit 2003 &#8211; Sachkunde&hellip;&nbsp;<a href=\"https:\/\/www.keim-sbk.de\/index.php\/unternehmen\/\" rel=\"bookmark\">Weiterlesen &raquo;<span class=\"screen-reader-text\">Unternehmen<\/span><\/a><\/p>\n","protected":false},"author":1,"featured_media":0,"parent":0,"menu_order":0,"comment_status":"closed","ping_status":"closed","template":"page-templates\/template-pagebuilder-full-width.php","meta":{"neve_meta_sidebar":"","neve_meta_container":"","neve_meta_enable_content_width":"","neve_meta_content_width":0,"neve_meta_title_alignment":"","neve_meta_author_avatar":"","neve_post_elements_order":"","neve_meta_disable_header":"","neve_meta_disable_footer":"","neve_meta_disable_title":"","footnotes":""},"class_list":["post-74","page","type-page","status-publish","hentry"],"yoast_head":"<!-- This site is optimized with the Yoast SEO plugin v25.6 - https:\/\/yoast.com\/wordpress\/plugins\/seo\/ -->\n<title>Unternehmen -<\/title>\n<meta name=\"robots\" content=\"index, follow, max-snippet:-1, max-image-preview:large, max-video-preview:-1\" \/>\n<link rel=\"canonical\" href=\"https:\/\/www.keim-sbk.de\/index.php\/unternehmen\/\" \/>\n<meta property=\"og:locale\" content=\"de_DE\" \/>\n<meta property=\"og:type\" content=\"article\" \/>\n<meta property=\"og:title\" content=\"Unternehmen -\" \/>\n<meta property=\"og:description\" content=\"Cornelia Keim\u00a0 \u00a0 \u00a0 \u00a0 \u00a0 \u00a0\u00a0 Gesch\u00e4ftsf\u00fchrung &#8211; Erstberatung&#8211; Terminvereinbarung&#8211; Auftragsbearbeitung&#8211; Buchhaltung\u00a0 \u00a0 Sven Damerow IHK gepr\u00fcfter Sch\u00e4dlingsbek\u00e4mpferseit 1998 &#8211; Sachkunde Gesundheits- u. Vorratsschutz &#8211; Sachkunde Pflanzenschutz &#8211; Sachkunde zur T\u00f6tung von Wirbeltieren gem\u00e4\u00df \u00a74 TschGs \u00a0 \u00a0 Sascha Damerow\u00a0 \u00a0 \u00a0 \u00a0 \u00a0 \u00a0 \u00a0 \u00a0\u00a0 IHK gepr\u00fcfter Sch\u00e4dlingsbek\u00e4mpfer seit 2003 &#8211; Sachkunde&hellip;&nbsp;Weiterlesen &raquo;Unternehmen\" \/>\n<meta property=\"og:url\" content=\"https:\/\/www.keim-sbk.de\/index.php\/unternehmen\/\" \/>\n<meta property=\"article:modified_time\" content=\"2021-04-28T12:40:44+00:00\" \/>\n<meta name=\"twitter:card\" content=\"summary_large_image\" \/>\n<meta name=\"twitter:label1\" content=\"Gesch\u00e4tzte Lesezeit\" \/>\n\t<meta name=\"twitter:data1\" content=\"1\u00a0Minute\" \/>\n<script type=\"application\/ld+json\" class=\"yoast-schema-graph\">{\"@context\":\"https:\/\/schema.org\",\"@graph\":[{\"@type\":\"WebPage\",\"@id\":\"https:\/\/www.keim-sbk.de\/index.php\/unternehmen\/\",\"url\":\"https:\/\/www.keim-sbk.de\/index.php\/unternehmen\/\",\"name\":\"Unternehmen -\",\"isPartOf\":{\"@id\":\"https:\/\/www.keim-sbk.de\/#website\"},\"datePublished\":\"2021-04-28T12:40:12+00:00\",\"dateModified\":\"2021-04-28T12:40:44+00:00\",\"breadcrumb\":{\"@id\":\"https:\/\/www.keim-sbk.de\/index.php\/unternehmen\/#breadcrumb\"},\"inLanguage\":\"de\",\"potentialAction\":[{\"@type\":\"ReadAction\",\"target\":[\"https:\/\/www.keim-sbk.de\/index.php\/unternehmen\/\"]}]},{\"@type\":\"BreadcrumbList\",\"@id\":\"https:\/\/www.keim-sbk.de\/index.php\/unternehmen\/#breadcrumb\",\"itemListElement\":[{\"@type\":\"ListItem\",\"position\":1,\"name\":\"Home\",\"item\":\"https:\/\/www.keim-sbk.de\/\"},{\"@type\":\"ListItem\",\"position\":2,\"name\":\"Unternehmen\"}]},{\"@type\":\"WebSite\",\"@id\":\"https:\/\/www.keim-sbk.de\/#website\",\"url\":\"https:\/\/www.keim-sbk.de\/\",\"name\":\"\",\"description\":\"Just another WordPress site\",\"potentialAction\":[{\"@type\":\"SearchAction\",\"target\":{\"@type\":\"EntryPoint\",\"urlTemplate\":\"https:\/\/www.keim-sbk.de\/?s={search_term_string}\"},\"query-input\":{\"@type\":\"PropertyValueSpecification\",\"valueRequired\":true,\"valueName\":\"search_term_string\"}}],\"inLanguage\":\"de\"}]}<\/script>\n<!-- \/ Yoast SEO plugin. -->","yoast_head_json":{"title":"Unternehmen -","robots":{"index":"index","follow":"follow","max-snippet":"max-snippet:-1","max-image-preview":"max-image-preview:large","max-video-preview":"max-video-preview:-1"},"canonical":"https:\/\/www.keim-sbk.de\/index.php\/unternehmen\/","og_locale":"de_DE","og_type":"article","og_title":"Unternehmen -","og_description":"Cornelia Keim\u00a0 \u00a0 \u00a0 \u00a0 \u00a0 \u00a0\u00a0 Gesch\u00e4ftsf\u00fchrung &#8211; Erstberatung&#8211; Terminvereinbarung&#8211; Auftragsbearbeitung&#8211; Buchhaltung\u00a0 \u00a0 Sven Damerow IHK gepr\u00fcfter Sch\u00e4dlingsbek\u00e4mpferseit 1998 &#8211; Sachkunde Gesundheits- u. Vorratsschutz &#8211; Sachkunde Pflanzenschutz &#8211; Sachkunde zur T\u00f6tung von Wirbeltieren gem\u00e4\u00df \u00a74 TschGs \u00a0 \u00a0 Sascha Damerow\u00a0 \u00a0 \u00a0 \u00a0 \u00a0 \u00a0 \u00a0 \u00a0\u00a0 IHK gepr\u00fcfter Sch\u00e4dlingsbek\u00e4mpfer seit 2003 &#8211; Sachkunde&hellip;&nbsp;Weiterlesen &raquo;Unternehmen","og_url":"https:\/\/www.keim-sbk.de\/index.php\/unternehmen\/","article_modified_time":"2021-04-28T12:40:44+00:00","twitter_card":"summary_large_image","twitter_misc":{"Gesch\u00e4tzte Lesezeit":"1\u00a0Minute"},"schema":{"@context":"https:\/\/schema.org","@graph":[{"@type":"WebPage","@id":"https:\/\/www.keim-sbk.de\/index.php\/unternehmen\/","url":"https:\/\/www.keim-sbk.de\/index.php\/unternehmen\/","name":"Unternehmen -","isPartOf":{"@id":"https:\/\/www.keim-sbk.de\/#website"},"datePublished":"2021-04-28T12:40:12+00:00","dateModified":"2021-04-28T12:40:44+00:00","breadcrumb":{"@id":"https:\/\/www.keim-sbk.de\/index.php\/unternehmen\/#breadcrumb"},"inLanguage":"de","potentialAction":[{"@type":"ReadAction","target":["https:\/\/www.keim-sbk.de\/index.php\/unternehmen\/"]}]},{"@type":"BreadcrumbList","@id":"https:\/\/www.keim-sbk.de\/index.php\/unternehmen\/#breadcrumb","itemListElement":[{"@type":"ListItem","position":1,"name":"Home","item":"https:\/\/www.keim-sbk.de\/"},{"@type":"ListItem","position":2,"name":"Unternehmen"}]},{"@type":"WebSite","@id":"https:\/\/www.keim-sbk.de\/#website","url":"https:\/\/www.keim-sbk.de\/","name":"","description":"Just another WordPress site","potentialAction":[{"@type":"SearchAction","target":{"@type":"EntryPoint","urlTemplate":"https:\/\/www.keim-sbk.de\/?s={search_term_string}"},"query-input":{"@type":"PropertyValueSpecification","valueRequired":true,"valueName":"search_term_string"}}],"inLanguage":"de"}]}},"_links":{"self":[{"href":"https:\/\/www.keim-sbk.de\/index.php\/wp-json\/wp\/v2\/pages\/74"}],"collection":[{"href":"https:\/\/www.keim-sbk.de\/index.php\/wp-json\/wp\/v2\/pages"}],"about":[{"href":"https:\/\/www.keim-sbk.de\/index.php\/wp-json\/wp\/v2\/types\/page"}],"author":[{"embeddable":true,"href":"https:\/\/www.keim-sbk.de\/index.php\/wp-json\/wp\/v2\/users\/1"}],"replies":[{"embeddable":true,"href":"https:\/\/www.keim-sbk.de\/index.php\/wp-json\/wp\/v2\/comments?post=74"}],"version-history":[{"count":4,"href":"https:\/\/www.keim-sbk.de\/index.php\/wp-json\/wp\/v2\/pages\/74\/revisions"}],"predecessor-version":[{"id":80,"href":"https:\/\/www.keim-sbk.de\/index.php\/wp-json\/wp\/v2\/pages\/74\/revisions\/80"}],"wp:attachment":[{"href":"https:\/\/www.keim-sbk.de\/index.php\/wp-json\/wp\/v2\/media?parent=74"}],"curies":[{"name":"wp","href":"https:\/\/api.w.org\/{rel}","templated":true}]}}